Dec 02 09:39:33.640 INFO testing AlfnXd/get_window_rect_rs against master#8940af3cea4a9a9deabcaf843b2f8cad9a83fc61 for beta-1.31-5
Dec 02 09:39:33.640 INFO running `"docker" "create" "-v" "/mnt/big/crater/work/local/target-dirs/beta-1.31-5/worker-1/master#8940af3cea4a9a9deabcaf843b2f8cad9a83fc61:/target:rw,Z" "-v" "/mnt/big/crater/work/local/test-source/worker-1/beta-1.31-5/master#8940af3cea4a9a9deabcaf843b2f8cad9a83fc61:/source:ro,Z" "-v" "/mnt/big/crater/work/local/cargo-home:/cargo-home:ro,Z" "-v" "/mnt/big/crater/work/local/rustup-home:/rustup-home:ro,Z" "-e" "USER_ID=1000" "-e" "SOURCE_DIR=/source" "-e" "USER_ID=1000" "-e" "CMD=cargo +8940af3cea4a9a9deabcaf843b2f8cad9a83fc61-alt build --frozen" "-e" "CARGO_TARGET_DIR=/target" "-e" "CARGO_INCREMENTAL=0" "-e" "RUST_BACKTRACE=full" "-e" "RUSTFLAGS=--cap-lints=warn" "-e" "CARGO_HOME=/cargo-home" "-e" "RUSTUP_HOME=/rustup-home" "-m" "1536M" "--network" "none" "crater"`
Dec 02 09:39:33.769 INFO [stdout] 47262e89e3638859f45848d1b989fdf133ca8e3f4447d60e24a041837d1726d7
Dec 02 09:39:33.772 INFO running `"docker" "start" "-a" "47262e89e3638859f45848d1b989fdf133ca8e3f4447d60e24a041837d1726d7"`
Dec 02 09:39:34.192 INFO [stderr] usermod: no changes
Dec 02 09:39:34.213 INFO [stderr]     Blocking waiting for file lock on the registry index
Dec 02 09:39:34.498 INFO [stderr]    Compiling winapi v0.3.6
Dec 02 09:39:36.471 INFO [stderr]    Compiling win32api_test v0.1.0 (/source)
Dec 02 09:39:36.947 INFO [stderr] error[E0433]: failed to resolve: could not find `shared` in `winapi`
Dec 02 09:39:36.947 INFO [stderr]   --> src/main.rs:11:13
Dec 02 09:39:36.948 INFO [stderr]    |
Dec 02 09:39:36.948 INFO [stderr] 11 | use winapi::shared::minwindef::{DWORD, LPVOID};
Dec 02 09:39:36.948 INFO [stderr]    |             ^^^^^^ could not find `shared` in `winapi`
Dec 02 09:39:36.948 INFO [stderr] 
Dec 02 09:39:36.948 INFO [stderr] error[E0433]: failed to resolve: could not find `shared` in `winapi`
Dec 02 09:39:36.949 INFO [stderr]   --> src/main.rs:12:13
Dec 02 09:39:36.949 INFO [stderr]    |
Dec 02 09:39:36.949 INFO [stderr] 12 | use winapi::shared::windef::{HWND, LPRECT, RECT};
Dec 02 09:39:36.949 INFO [stderr]    |             ^^^^^^ could not find `shared` in `winapi`
Dec 02 09:39:36.949 INFO [stderr] 
Dec 02 09:39:36.949 INFO [stderr] error[E0433]: failed to resolve: could not find `shared` in `winapi`
Dec 02 09:39:36.949 INFO [stderr]   --> src/main.rs:13:13
Dec 02 09:39:36.949 INFO [stderr]    |
Dec 02 09:39:36.949 INFO [stderr] 13 | use winapi::shared::winerror::SUCCEEDED;
Dec 02 09:39:36.949 INFO [stderr]    |             ^^^^^^ could not find `shared` in `winapi`
Dec 02 09:39:36.949 INFO [stderr] 
Dec 02 09:39:36.949 INFO [stderr] error[E0433]: failed to resolve: could not find `um` in `winapi`
Dec 02 09:39:36.949 INFO [stderr]   --> src/main.rs:14:13
Dec 02 09:39:36.949 INFO [stderr]    |
Dec 02 09:39:36.949 INFO [stderr] 14 | use winapi::um::dwmapi::{DwmGetWindowAttribute, DWMWA_EXTENDED_FRAME_BOUNDS};
Dec 02 09:39:36.949 INFO [stderr]    |             ^^ could not find `um` in `winapi`
Dec 02 09:39:36.949 INFO [stderr] 
Dec 02 09:39:36.949 INFO [stderr] error[E0433]: failed to resolve: could not find `um` in `winapi`
Dec 02 09:39:36.949 INFO [stderr]   --> src/main.rs:15:13
Dec 02 09:39:36.955 INFO [stderr]    |
Dec 02 09:39:36.955 INFO [stderr] 15 | use winapi::um::winnt::{LPWSTR, WCHAR};
Dec 02 09:39:36.955 INFO [stderr]    |             ^^ could not find `um` in `winapi`
Dec 02 09:39:36.955 INFO [stderr] 
Dec 02 09:39:36.955 INFO [stderr] error[E0433]: failed to resolve: could not find `um` in `winapi`
Dec 02 09:39:36.955 INFO [stderr]   --> src/main.rs:16:13
Dec 02 09:39:36.955 INFO [stderr]    |
Dec 02 09:39:36.955 INFO [stderr] 16 | use winapi::um::winuser::{GetWindowRect, GetWindowTextLengthW, GetWindowTextW};
Dec 02 09:39:36.955 INFO [stderr]    |             ^^ could not find `um` in `winapi`
Dec 02 09:39:36.955 INFO [stderr] 
Dec 02 09:39:37.007 INFO [stderr] error[E0412]: cannot find type `RECT` in this scope
Dec 02 09:39:37.007 INFO [stderr]   --> src/main.rs:41:11
Dec 02 09:39:37.007 INFO [stderr]    |
Dec 02 09:39:37.011 INFO [stderr] 41 | impl From<RECT> for PrettyPrintRect {
Dec 02 09:39:37.011 INFO [stderr]    |           ^^^^ not found in this scope
Dec 02 09:39:37.011 INFO [stderr] 
Dec 02 09:39:37.011 INFO [stderr] error[E0412]: cannot find type `RECT` in this scope
Dec 02 09:39:37.011 INFO [stderr]   --> src/main.rs:42:19
Dec 02 09:39:37.011 INFO [stderr]    |
Dec 02 09:39:37.011 INFO [stderr] 42 |     fn from(rect: RECT) -> Self {
Dec 02 09:39:37.011 INFO [stderr]    |                   ^^^^ not found in this scope
Dec 02 09:39:37.011 INFO [stderr] 
Dec 02 09:39:37.011 INFO [stderr] error[E0412]: cannot find type `RECT` in this scope
Dec 02 09:39:37.011 INFO [stderr]   --> src/main.rs:53:19
Dec 02 09:39:37.011 INFO [stderr]    |
Dec 02 09:39:37.011 INFO [stderr] 53 |     let mut rect: RECT = RECT {
Dec 02 09:39:37.011 INFO [stderr]    |                   ^^^^ not found in this scope
Dec 02 09:39:37.011 INFO [stderr] 
Dec 02 09:39:37.011 INFO [stderr] error[E0422]: cannot find struct, variant or union type `RECT` in this scope
Dec 02 09:39:37.011 INFO [stderr]   --> src/main.rs:53:26
Dec 02 09:39:37.011 INFO [stderr]    |
Dec 02 09:39:37.011 INFO [stderr] 53 |     let mut rect: RECT = RECT {
Dec 02 09:39:37.011 INFO [stderr]    |                          ^^^^ not found in this scope
Dec 02 09:39:37.011 INFO [stderr] 
Dec 02 09:39:37.011 INFO [stderr] error[E0425]: cannot find function `DwmGetWindowAttribute` in this scope
Dec 02 09:39:37.011 INFO [stderr]   --> src/main.rs:60:9
Dec 02 09:39:37.011 INFO [stderr]    |
Dec 02 09:39:37.011 INFO [stderr] 60 |         DwmGetWindowAttribute(
Dec 02 09:39:37.011 INFO [stderr]    |         ^^^^^^^^^^^^^^^^^^^^^ not found in this scope
Dec 02 09:39:37.011 INFO [stderr] 
Dec 02 09:39:37.011 INFO [stderr] error[E0412]: cannot find type `HWND` in this scope
Dec 02 09:39:37.011 INFO [stderr]   --> src/main.rs:61:21
Dec 02 09:39:37.011 INFO [stderr]    |
Dec 02 09:39:37.011 INFO [stderr] 61 |             hwnd as HWND,
Dec 02 09:39:37.011 INFO [stderr]    |                     ^^^^ not found in this scope
Dec 02 09:39:37.011 INFO [stderr] 
Dec 02 09:39:37.011 INFO [stderr] error[E0425]: cannot find value `DWMWA_EXTENDED_FRAME_BOUNDS` in this scope
Dec 02 09:39:37.011 INFO [stderr]   --> src/main.rs:62:13
Dec 02 09:39:37.011 INFO [stderr]    |
Dec 02 09:39:37.011 INFO [stderr] 62 |             DWMWA_EXTENDED_FRAME_BOUNDS,
Dec 02 09:39:37.011 INFO [stderr]    |             ^^^^^^^^^^^^^^^^^^^^^^^^^^^ not found in this scope
Dec 02 09:39:37.011 INFO [stderr] 
Dec 02 09:39:37.011 INFO [stderr] error[E0412]: cannot find type `RECT` in this scope
Dec 02 09:39:37.011 INFO [stderr]   --> src/main.rs:63:31
Dec 02 09:39:37.011 INFO [stderr]    |
Dec 02 09:39:37.011 INFO [stderr] 63 |             &mut rect as *mut RECT as LPVOID,
Dec 02 09:39:37.011 INFO [stderr]    |                               ^^^^ not found in this scope
Dec 02 09:39:37.011 INFO [stderr] 
Dec 02 09:39:37.011 INFO [stderr] error[E0412]: cannot find type `LPVOID` in this scope
Dec 02 09:39:37.011 INFO [stderr]   --> src/main.rs:63:39
Dec 02 09:39:37.011 INFO [stderr]    |
Dec 02 09:39:37.011 INFO [stderr] 63 |             &mut rect as *mut RECT as LPVOID,
Dec 02 09:39:37.011 INFO [stderr]    |                                       ^^^^^^ not found in this scope
Dec 02 09:39:37.011 INFO [stderr] 
Dec 02 09:39:37.011 INFO [stderr] error[E0412]: cannot find type `RECT` in this scope
Dec 02 09:39:37.011 INFO [stderr]   --> src/main.rs:64:28
Dec 02 09:39:37.011 INFO [stderr]    |
Dec 02 09:39:37.011 INFO [stderr] 64 |             mem::size_of::<RECT>() as DWORD,
Dec 02 09:39:37.011 INFO [stderr]    |                            ^^^^ not found in this scope
Dec 02 09:39:37.011 INFO [stderr] 
Dec 02 09:39:37.011 INFO [stderr] error[E0412]: cannot find type `DWORD` in this scope
Dec 02 09:39:37.011 INFO [stderr]   --> src/main.rs:64:39
Dec 02 09:39:37.011 INFO [stderr]    |
Dec 02 09:39:37.011 INFO [stderr] 64 |             mem::size_of::<RECT>() as DWORD,
Dec 02 09:39:37.011 INFO [stderr]    |                                       ^^^^^ not found in this scope
Dec 02 09:39:37.011 INFO [stderr] 
Dec 02 09:39:37.011 INFO [stderr] error[E0425]: cannot find function `SUCCEEDED` in this scope
Dec 02 09:39:37.011 INFO [stderr]   --> src/main.rs:67:8
Dec 02 09:39:37.011 INFO [stderr]    |
Dec 02 09:39:37.011 INFO [stderr] 67 |     if SUCCEEDED(ret) {
Dec 02 09:39:37.011 INFO [stderr]    |        ^^^^^^^^^ not found in this scope
Dec 02 09:39:37.011 INFO [stderr] 
Dec 02 09:39:37.011 INFO [stderr] error[E0412]: cannot find type `RECT` in this scope
Dec 02 09:39:37.011 INFO [stderr]   --> src/main.rs:75:19
Dec 02 09:39:37.011 INFO [stderr]    |
Dec 02 09:39:37.011 INFO [stderr] 75 |     let mut rect: RECT = RECT {
Dec 02 09:39:37.011 INFO [stderr]    |                   ^^^^ not found in this scope
Dec 02 09:39:37.011 INFO [stderr] 
Dec 02 09:39:37.011 INFO [stderr] error[E0422]: cannot find struct, variant or union type `RECT` in this scope
Dec 02 09:39:37.011 INFO [stderr]   --> src/main.rs:75:26
Dec 02 09:39:37.012 INFO [stderr]    |
Dec 02 09:39:37.012 INFO [stderr] 75 |     let mut rect: RECT = RECT {
Dec 02 09:39:37.012 INFO [stderr]    |                          ^^^^ not found in this scope
Dec 02 09:39:37.012 INFO [stderr] 
Dec 02 09:39:37.012 INFO [stderr] error[E0425]: cannot find function `GetWindowRect` in this scope
Dec 02 09:39:37.012 INFO [stderr]   --> src/main.rs:81:24
Dec 02 09:39:37.012 INFO [stderr]    |
Dec 02 09:39:37.012 INFO [stderr] 81 |     let ret = unsafe { GetWindowRect(hwnd as HWND, &mut rect as LPRECT) };
Dec 02 09:39:37.012 INFO [stderr]    |                        ^^^^^^^^^^^^^ not found in this scope
Dec 02 09:39:37.012 INFO [stderr] 
Dec 02 09:39:37.012 INFO [stderr] error[E0412]: cannot find type `HWND` in this scope
Dec 02 09:39:37.012 INFO [stderr]   --> src/main.rs:81:46
Dec 02 09:39:37.012 INFO [stderr]    |
Dec 02 09:39:37.012 INFO [stderr] 81 |     let ret = unsafe { GetWindowRect(hwnd as HWND, &mut rect as LPRECT) };
Dec 02 09:39:37.012 INFO [stderr]    |                                              ^^^^ not found in this scope
Dec 02 09:39:37.012 INFO [stderr] 
Dec 02 09:39:37.012 INFO [stderr] error[E0412]: cannot find type `LPRECT` in this scope
Dec 02 09:39:37.012 INFO [stderr]   --> src/main.rs:81:65
Dec 02 09:39:37.012 INFO [stderr]    |
Dec 02 09:39:37.012 INFO [stderr] 81 |     let ret = unsafe { GetWindowRect(hwnd as HWND, &mut rect as LPRECT) };
Dec 02 09:39:37.012 INFO [stderr]    |                                                                 ^^^^^^ not found in this scope
Dec 02 09:39:37.012 INFO [stderr] 
Dec 02 09:39:37.012 INFO [stderr] error[E0425]: cannot find function `GetWindowTextLengthW` in this scope
Dec 02 09:39:37.012 INFO [stderr]   --> src/main.rs:91:24
Dec 02 09:39:37.012 INFO [stderr]    |
Dec 02 09:39:37.012 INFO [stderr] 91 |         let text_len = GetWindowTextLengthW(hwnd as HWND);
Dec 02 09:39:37.012 INFO [stderr]    |                        ^^^^^^^^^^^^^^^^^^^^ not found in this scope
Dec 02 09:39:37.012 INFO [stderr] 
Dec 02 09:39:37.012 INFO [stderr] error[E0412]: cannot find type `HWND` in this scope
Dec 02 09:39:37.012 INFO [stderr]   --> src/main.rs:91:53
Dec 02 09:39:37.012 INFO [stderr]    |
Dec 02 09:39:37.012 INFO [stderr] 91 |         let text_len = GetWindowTextLengthW(hwnd as HWND);
Dec 02 09:39:37.012 INFO [stderr]    |                                                     ^^^^ not found in this scope
Dec 02 09:39:37.012 INFO [stderr] 
Dec 02 09:39:37.012 INFO [stderr] error[E0412]: cannot find type `WCHAR` in this scope
Dec 02 09:39:37.012 INFO [stderr]   --> src/main.rs:95:31
Dec 02 09:39:37.012 INFO [stderr]    |
Dec 02 09:39:37.012 INFO [stderr] 95 |             let mut wide: Vec<WCHAR> = Vec::with_capacity(max_size);
Dec 02 09:39:37.012 INFO [stderr]    |                               ^^^^^ not found in this scope
Dec 02 09:39:37.012 INFO [stderr] 
Dec 02 09:39:37.012 INFO [stderr] error[E0425]: cannot find function `GetWindowTextW` in this scope
Dec 02 09:39:37.012 INFO [stderr]   --> src/main.rs:97:23
Dec 02 09:39:37.012 INFO [stderr]    |
Dec 02 09:39:37.012 INFO [stderr] 97 |             let ret = GetWindowTextW(hwnd as HWND, wide.as_ptr() as LPWSTR, max_size as i32);
Dec 02 09:39:37.012 INFO [stderr]    |                       ^^^^^^^^^^^^^^ not found in this scope
Dec 02 09:39:37.012 INFO [stderr] 
Dec 02 09:39:37.012 INFO [stderr] error[E0412]: cannot find type `HWND` in this scope
Dec 02 09:39:37.012 INFO [stderr]   --> src/main.rs:97:46
Dec 02 09:39:37.012 INFO [stderr]    |
Dec 02 09:39:37.012 INFO [stderr] 97 |             let ret = GetWindowTextW(hwnd as HWND, wide.as_ptr() as LPWSTR, max_size as i32);
Dec 02 09:39:37.012 INFO [stderr]    |                                              ^^^^ not found in this scope
Dec 02 09:39:37.012 INFO [stderr] 
Dec 02 09:39:37.012 INFO [stderr] error[E0412]: cannot find type `LPWSTR` in this scope
Dec 02 09:39:37.012 INFO [stderr]   --> src/main.rs:97:69
Dec 02 09:39:37.012 INFO [stderr]    |
Dec 02 09:39:37.012 INFO [stderr] 97 |             let ret = GetWindowTextW(hwnd as HWND, wide.as_ptr() as LPWSTR, max_size as i32);
Dec 02 09:39:37.012 INFO [stderr]    |                                                                     ^^^^^^ not found in this scope
Dec 02 09:39:37.012 INFO [stderr] 
Dec 02 09:39:37.012 INFO [stderr] warning: unused imports: `DWORD`, `LPVOID`
Dec 02 09:39:37.012 INFO [stderr]   --> src/main.rs:11:33
Dec 02 09:39:37.012 INFO [stderr]    |
Dec 02 09:39:37.012 INFO [stderr] 11 | use winapi::shared::minwindef::{DWORD, LPVOID};
Dec 02 09:39:37.012 INFO [stderr]    |                                 ^^^^^  ^^^^^^
Dec 02 09:39:37.012 INFO [stderr]    |
Dec 02 09:39:37.012 INFO [stderr]    = note: #[warn(unused_imports)] on by default
Dec 02 09:39:37.012 INFO [stderr] 
Dec 02 09:39:37.012 INFO [stderr] warning: unused imports: `HWND`, `LPRECT`, `RECT`
Dec 02 09:39:37.012 INFO [stderr]   --> src/main.rs:12:30
Dec 02 09:39:37.012 INFO [stderr]    |
Dec 02 09:39:37.012 INFO [stderr] 12 | use winapi::shared::windef::{HWND, LPRECT, RECT};
Dec 02 09:39:37.012 INFO [stderr]    |                              ^^^^  ^^^^^^  ^^^^
Dec 02 09:39:37.012 INFO [stderr] 
Dec 02 09:39:37.012 INFO [stderr] warning: unused import: `winapi::shared::winerror::SUCCEEDED`
Dec 02 09:39:37.012 INFO [stderr]   --> src/main.rs:13:5
Dec 02 09:39:37.012 INFO [stderr]    |
Dec 02 09:39:37.012 INFO [stderr] 13 | use winapi::shared::winerror::SUCCEEDED;
Dec 02 09:39:37.012 INFO [stderr]    |     ^^^^^^^^^^^^^^^^^^^^^^^^^^^^^^^^^^^
Dec 02 09:39:37.012 INFO [stderr] 
Dec 02 09:39:37.012 INFO [stderr] warning: unused imports: `DWMWA_EXTENDED_FRAME_BOUNDS`, `DwmGetWindowAttribute`
Dec 02 09:39:37.012 INFO [stderr]   --> src/main.rs:14:26
Dec 02 09:39:37.012 INFO [stderr]    |
Dec 02 09:39:37.012 INFO [stderr] 14 | use winapi::um::dwmapi::{DwmGetWindowAttribute, DWMWA_EXTENDED_FRAME_BOUNDS};
Dec 02 09:39:37.012 INFO [stderr]    |                          ^^^^^^^^^^^^^^^^^^^^^  ^^^^^^^^^^^^^^^^^^^^^^^^^^^
Dec 02 09:39:37.012 INFO [stderr] 
Dec 02 09:39:37.013 INFO [stderr] warning: unused imports: `LPWSTR`, `WCHAR`
Dec 02 09:39:37.013 INFO [stderr]   --> src/main.rs:15:25
Dec 02 09:39:37.013 INFO [stderr]    |
Dec 02 09:39:37.013 INFO [stderr] 15 | use winapi::um::winnt::{LPWSTR, WCHAR};
Dec 02 09:39:37.013 INFO [stderr]    |                         ^^^^^^  ^^^^^
Dec 02 09:39:37.013 INFO [stderr] 
Dec 02 09:39:37.013 INFO [stderr] warning: unused imports: `GetWindowRect`, `GetWindowTextLengthW`, `GetWindowTextW`
Dec 02 09:39:37.013 INFO [stderr]   --> src/main.rs:16:27
Dec 02 09:39:37.013 INFO [stderr]    |
Dec 02 09:39:37.013 INFO [stderr] 16 | use winapi::um::winuser::{GetWindowRect, GetWindowTextLengthW, GetWindowTextW};
Dec 02 09:39:37.013 INFO [stderr]    |                           ^^^^^^^^^^^^^  ^^^^^^^^^^^^^^^^^^^^  ^^^^^^^^^^^^^^
Dec 02 09:39:37.013 INFO [stderr] 
Dec 02 09:39:37.101 INFO [stderr] error: aborting due to 29 previous errors
Dec 02 09:39:37.101 INFO [stderr] 
Dec 02 09:39:37.101 INFO [stderr] Some errors occurred: E0412, E0422, E0425, E0433.
Dec 02 09:39:37.101 INFO [stderr] For more information about an error, try `rustc --explain E0412`.
Dec 02 09:39:37.106 INFO [stderr] error: Could not compile `win32api_test`.
Dec 02 09:39:37.106 INFO [stderr] 
Dec 02 09:39:37.106 INFO [stderr] To learn more, run the command again with --verbose.
Dec 02 09:39:37.106 INFO [stderr] su: No module specific data is present
Dec 02 09:39:37.554 INFO running `"docker" "inspect" "47262e89e3638859f45848d1b989fdf133ca8e3f4447d60e24a041837d1726d7"`
Dec 02 09:39:37.745 INFO running `"docker" "rm" "-f" "47262e89e3638859f45848d1b989fdf133ca8e3f4447d60e24a041837d1726d7"`
Dec 02 09:39:37.899 INFO [stdout] 47262e89e3638859f45848d1b989fdf133ca8e3f4447d60e24a041837d1726d7
